{"id":10,"date":"2019-01-24T08:50:29","date_gmt":"2019-01-24T08:50:29","guid":{"rendered":"http:\/\/foldkerules.hu\/wpfold\/?page_id=10"},"modified":"2019-01-26T14:36:22","modified_gmt":"2019-01-26T14:36:22","slug":"felkeszules-vitorlas-foldkerules","status":"publish","type":"page","link":"https:\/\/foldkerules.hu\/wpfold\/felkeszules-vitorlas-foldkerules\/","title":{"rendered":"Felk\u00e9sz\u00fcl\u00e9s \u00e9s tr\u00e9ningek"},"content":{"rendered":"\t\t<div data-elementor-type=\"post\" data-elementor-id=\"10\" class=\"elementor elementor-10\" data-elementor-settings=\"[]\">\n\t\t\t<div class=\"elementor-inner\">\n\t\t\t\t<div class=\"elementor-section-wrap\">\n\t\t\t\t\t\t\t<section data-id=\"3ee8cd4f\" class=\"elementor-element elementor-element-3ee8cd4f elementor-section-full_width elementor-section-height-full elementor-section-height-default elementor-section-items-middle elementor-section elementor-top-section\" data-settings=\"{&quot;background_background&quot;:&quot;classic&quot;}\" data-element_type=\"section\">\n\t\t\t\t\t\t\t<div class=\"elementor-background-overlay\"><\/div>\n\t\t\t\t\t\t\t<div class=\"elementor-container elementor-column-gap-default\">\n\t\t\t\t<div class=\"elementor-row\">\n\t\t\t\t<div data-id=\"6a82863\" class=\"elementor-element elementor-element-6a82863 elementor-column elementor-col-100 elementor-top-column\" data-element_type=\"column\">\n\t\t\t<div class=\"elementor-column-wrap\">\n\t\t\t\t\t<div class=\"elementor-widget-wrap\">\n\t\t\t\t\t\t<\/div>\n\t\t\t<\/div>\n\t\t<\/div>\n\t\t\t\t\t\t<\/div>\n\t\t\t<\/div>\n\t\t<\/section>\n\t\t\t\t<section data-id=\"05e63d3\" class=\"elementor-element elementor-element-05e63d3 elementor-section-boxed elementor-section-height-default elementor-section-height-default elementor-section elementor-top-section\" data-element_type=\"section\">\n\t\t\t\t\t\t<div class=\"elementor-container elementor-column-gap-default\">\n\t\t\t\t<div class=\"elementor-row\">\n\t\t\t\t<div data-id=\"1b991a4\" class=\"elementor-element elementor-element-1b991a4 elementor-column elementor-col-66 elementor-top-column\" data-element_type=\"column\">\n\t\t\t<div class=\"elementor-column-wrap  elementor-element-populated\">\n\t\t\t\t\t<div class=\"elementor-widget-wrap\">\n\t\t\t\t\t\t<\/div>\n\t\t\t<\/div>\n\t\t<\/div>\n\t\t\t\t<div data-id=\"ca413e0\" class=\"elementor-element elementor-element-ca413e0 elementor-column elementor-col-33 elementor-top-column\" data-element_type=\"column\">\n\t\t\t<div class=\"elementor-column-wrap  elementor-element-populated\">\n\t\t\t\t\t<div class=\"elementor-widget-wrap\">\n\t\t\t\t<div data-id=\"39408bc\" class=\"elementor-element elementor-element-39408bc elementor-widget elementor-widget-html\" data-element_type=\"html.default\">\n\t\t\t\t<div class=\"elementor-widget-container\">\n\t\t\t<a href=\"http:\/\/www.foldkerules.hu\/\" target=\"_blank\"><img src=\"http:\/\/www.foldkerules.hu\/logok\/hu_flag.png\" class=\"hu_flag\" alt=\"Vitorl\u00e1s F\u00f6ldker\u00fcl\u00e9s\"><\/a>\n\n<a href=\"http:\/\/www.foldkerules.hu\/\" target=\"_blank\"><img src=\"http:\/\/www.foldkerules.hu\/logok\/en_flag.png\" class=\"en_flag\" alt=\"Sailing circumnavigation\"><\/a>\n\n<a href=\"http:\/\/www.foldkerules.hu\/deutsch\/segelfahrt_um_die_erde.html\" target=\"_blank\"><img src=\"http:\/\/www.foldkerules.hu\/logok\/de_flag.png\" class=\"de_flag\" alt=\"Segelfahrt um die Erde 2016-2019, Die Erdumseglung f\u00fcr ein edeles Ziel\"><\/a>\n\n<a href=\"http:\/\/www.foldkerules.hu\/espanol\/vuelta_al_mundo_a_vela.html\" target=\"_blank\"><img src=\"http:\/\/www.foldkerules.hu\/logok\/esp_flag.png\" class=\"esp_flag\" alt=\"Vuelta al Mundo a Vela 2016-2019!\"><\/a>\n\n<a href=\"http:\/\/www.foldkerules.hu\/translate_german_spanish_frenchrussian_italian.html\" target=\"_blank\"><img src=\"http:\/\/www.foldkerules.hu\/logok\/fr_flag.png\" class=\"fr_flag\" alt=\"Sailing circumnavigation\"><\/a>\n\n<a href=\"http:\/\/www.foldkerules.hu\/italiano\/giro_del_mondo_in_barca_a_vela.html\" target=\"_blank\"><img src=\"http:\/\/www.foldkerules.hu\/logok\/it_flag.png\" class=\"it_flag\" alt=\"Giro del mondo in barca a vela 2016-2019\"><\/a>\n\n<a href=\"http:\/\/www.foldkerules.hu\/translate_german_spanish_frenchrussian_italian.html\" target=\"_blank\"><img src=\"http:\/\/www.foldkerules.hu\/logok\/rus_flag.png\" class=\"rus_flag\" alt=\"Sailing circumnavigation\"><\/a>\n\t\t<\/div>\n\t\t\t\t<\/div>\n\t\t\t\t\t\t<\/div>\n\t\t\t<\/div>\n\t\t<\/div>\n\t\t\t\t\t\t<\/div>\n\t\t\t<\/div>\n\t\t<\/section>\n\t\t\t\t<section data-id=\"0b7306e\" class=\"elementor-element elementor-element-0b7306e elementor-section-boxed elementor-section-height-default elementor-section-height-default elementor-section elementor-top-section\" data-element_type=\"section\">\n\t\t\t\t\t\t<div class=\"elementor-container elementor-column-gap-default\">\n\t\t\t\t<div class=\"elementor-row\">\n\t\t\t\t<div data-id=\"92f8777\" class=\"elementor-element elementor-element-92f8777 elementor-column elementor-col-66 elementor-top-column\" data-element_type=\"column\">\n\t\t\t<div class=\"elementor-column-wrap  elementor-element-populated\">\n\t\t\t\t\t<div class=\"elementor-widget-wrap\">\n\t\t\t\t<div data-id=\"5e03baa\" class=\"elementor-element elementor-element-5e03baa elementor-widget elementor-widget-html\" data-element_type=\"html.default\">\n\t\t\t\t<div class=\"elementor-widget-container\">\n\t\t\t\n<a href=\"http:\/\/www.foldkerules.hu\/kabin_foglaltsag_szakaszok_kiirasa.php\" target=\"_blank\"><img src=\"http:\/\/www.foldkerules.hu\/reklamcsik\/interju.png\" class=\"reklam_1\"><\/a>\t\t<\/div>\n\t\t\t\t<\/div>\n\t\t\t\t<div data-id=\"b3bc38d\" class=\"elementor-element elementor-element-b3bc38d elementor-widget elementor-widget-spacer\" data-element_type=\"spacer.default\">\n\t\t\t\t<div class=\"elementor-widget-container\">\n\t\t\t\t\t<div class=\"elementor-spacer\">\n\t\t\t<div class=\"elementor-spacer-inner\"><\/div>\n\t\t<\/div>\n\t\t\t\t<\/div>\n\t\t\t\t<\/div>\n\t\t\t\t<div data-id=\"07b33ee\" class=\"elementor-element elementor-element-07b33ee elementor-widget elementor-widget-text-editor\" data-element_type=\"text-editor.default\">\n\t\t\t\t<div class=\"elementor-widget-container\">\n\t\t\t\t\t<div class=\"elementor-text-editor elementor-clearfix\"><p>\u00a0Egy ilyen \u00fat, \u00fagy gondolom, hogy komoly felk\u00e9sz\u00fcl\u00e9st ig\u00e9nyel, minden tekintetben:<\/p><p>M\u00e9g 2008-ban Voltam Szegeden Egy kedves ismer\u0151s\u00f6mn\u00e9l, aki Pszichol\u00f3gus \u00e9s felk\u00e9sz\u00edtett bizonyos dolgokra, illetve \u00e1tbesz\u00e9lt\u00fcnk sok-sok mindent. <br \/>Ugyanekkor ugyanitt komoly orvosi tov\u00e1bbk\u00e9pz\u00e9sen vettem r\u00e9szt, ahol megtanulhattam, hogy tudom magam \u00f6sszevarrni, mi tegyek a t\u00f6r\u00e9sekkel, hogy zajlik egy v\u00edzb\u0151l kimentett ember \u00fajra\u00e9leszt\u00e9se \u00e9s m\u00e9g sok hasznos orvosi beavatkoz\u00e1st.<\/p><\/div>\n\t\t\t\t<\/div>\n\t\t\t\t<\/div>\n\t\t\t\t\t\t<\/div>\n\t\t\t<\/div>\n\t\t<\/div>\n\t\t\t\t<div data-id=\"5e80c4a\" class=\"elementor-element elementor-element-5e80c4a elementor-column elementor-col-33 elementor-top-column\" data-element_type=\"column\">\n\t\t\t<div class=\"elementor-column-wrap  elementor-element-populated\">\n\t\t\t\t\t<div class=\"elementor-widget-wrap\">\n\t\t\t\t<div data-id=\"c5ec2ca\" class=\"elementor-element elementor-element-c5ec2ca elementor-widget elementor-widget-html\" data-element_type=\"html.default\">\n\t\t\t\t<div class=\"elementor-widget-container\">\n\t\t\t<SCRIPT>\nvar Kepek = new Array(16);\nKepek[0] = \"http:\/\/www.foldkerules.hu\/foldkerules\/tamogatok_random0.png\";\nKepek[1] = \"http:\/\/www.foldkerules.hu\/foldkerules\/tamogatok_random0.png\";\nKepek[2] = \"http:\/\/www.foldkerules.hu\/foldkerules\/tamogatok_random0.png\";\nKepek[3] = \"http:\/\/www.foldkerules.hu\/foldkerules\/tamogatok_random0.png\";\nKepek[4] = \"http:\/\/www.foldkerules.hu\/foldkerules\/tamogatok_random1.png\";\nKepek[5] = \"http:\/\/www.foldkerules.hu\/foldkerules\/tamogatok_random2.png\";\nKepek[6] = \"http:\/\/www.foldkerules.hu\/foldkerules\/tamogatok_random3.png\";\nKepek[7] = \"http:\/\/www.foldkerules.hu\/foldkerules\/tamogatok_random4.png\";\nKepek[8] = \"http:\/\/www.foldkerules.hu\/foldkerules\/tamogatok_random5.png\";\nKepek[9] = \"http:\/\/www.foldkerules.hu\/foldkerules\/tamogatok_random6.png\";\nKepek[10] = \"http:\/\/www.foldkerules.hu\/foldkerules\/tamogatok_random7.png\";\nKepek[11] = \"http:\/\/www.foldkerules.hu\/foldkerules\/tamogatok_random8.png\";\nKepek[12] = \"http:\/\/www.foldkerules.hu\/foldkerules\/tamogatok_random9.png\";\nKepek[13] = \"http:\/\/www.foldkerules.hu\/foldkerules\/tamogatok_random10.png\";\nKepek[14] = \"http:\/\/www.foldkerules.hu\/foldkerules\/tamogatok_random11.png\";\nKepek[15] = \"http:\/\/www.foldkerules.hu\/foldkerules\/tamogatok_random12.png\";\nKepek[16] = \"http:\/\/www.foldkerules.hu\/foldkerules\/tamogatok_random13.png\";\nvar szlo = 0;\nfunction Kepcsere()\n{\nszlo = (szlo + 1) % 17;\ndocument.formocska.kepecske.src = Kepek[szlo];\nsetTimeout(\"Kepcsere()\",2000);\n\n\n}\n<\/SCRIPT>\n\n\n\n<a href=\"http:\/\/www.foldkerules.hu\/foldkerules_tamogatok.html\"><div class=\"css_slideshow\">\n<FORM name = formocska>\n<IMG Name=\"kepecske\" Src=\"foldkerules\/tamogatok_random.png\">\n<\/FORM>\n<SCRIPT>\nKepcsere();\n<\/SCRIPT>\n  <\/div> <\/a>\t\t<\/div>\n\t\t\t\t<\/div>\n\t\t\t\t\t\t<\/div>\n\t\t\t<\/div>\n\t\t<\/div>\n\t\t\t\t\t\t<\/div>\n\t\t\t<\/div>\n\t\t<\/section>\n\t\t\t\t<section data-id=\"ca2c447\" class=\"elementor-element elementor-element-ca2c447 elementor-section-boxed elementor-section-height-default elementor-section-height-default elementor-section elementor-top-section\" data-element_type=\"section\">\n\t\t\t\t\t\t<div class=\"elementor-container elementor-column-gap-default\">\n\t\t\t\t<div class=\"elementor-row\">\n\t\t\t\t<div data-id=\"28eef63\" class=\"elementor-element elementor-element-28eef63 elementor-column elementor-col-33 elementor-top-column\" data-element_type=\"column\">\n\t\t\t<div class=\"elementor-column-wrap  elementor-element-populated\">\n\t\t\t\t\t<div class=\"elementor-widget-wrap\">\n\t\t\t\t<div data-id=\"434b8f0\" class=\"elementor-element elementor-element-434b8f0 elementor-widget elementor-widget-html\" data-element_type=\"html.default\">\n\t\t\t\t<div class=\"elementor-widget-container\">\n\t\t\t<img loading=\"lazy\" src=\"http:\/\/www.foldkerules.hu\/foldkerules\/foldkerules_felkeszules1.jpg\" alt=\"F\u00f6ldker\u00fcl\u00e9s felk\u00e9sz\u00fcl\u00e9s\" width=\"200\" height=\"300\">\t\t<\/div>\n\t\t\t\t<\/div>\n\t\t\t\t\t\t<\/div>\n\t\t\t<\/div>\n\t\t<\/div>\n\t\t\t\t<div data-id=\"d79e2c3\" class=\"elementor-element elementor-element-d79e2c3 elementor-column elementor-col-33 elementor-top-column\" data-element_type=\"column\">\n\t\t\t<div class=\"elementor-column-wrap  elementor-element-populated\">\n\t\t\t\t\t<div class=\"elementor-widget-wrap\">\n\t\t\t\t<div data-id=\"cd4eeb9\" class=\"elementor-element elementor-element-cd4eeb9 elementor-widget elementor-widget-text-editor\" data-element_type=\"text-editor.default\">\n\t\t\t\t<div class=\"elementor-widget-container\">\n\t\t\t\t\t<div class=\"elementor-text-editor elementor-clearfix\"><p><span class=\"kepkeretszoveg\">Tuss Mikl\u00f3s b\u00e1csi megtan\u00edtott, hogy tudom a vitorl\u00e1kat megjav\u00edtani, a szakad\u00e1sokat megvarrni.<br \/>A vitorl\u00e1z\u00e1st \u00e9s az ezzel kapcsolatos szitu\u00e1ci\u00f3s gyakorlatokat folyamatosan gyakorlom, a Swanti Charter j\u00f3volt\u00e1b\u00f3l.<\/span><\/p><p><b>Ami m\u00e9g h\u00e1travan:<\/b><br \/>Motorszerel\u00e9s, hogy saj\u00e1t magam kitudjam tiszt\u00edtani a motort egy vizes g\u00e1zolaj tankol\u00e1sa eset\u00e9n.<br \/>Elektronikai ismeretek, gyenge\u00e1ram szerel\u00e9se.<br \/>\u00c9s persze sok-sok vitorl\u00e1s szitu\u00e1ci\u00f3.<br \/>A l\u00e9lek felk\u00e9sz\u00edt\u00e9se, rengeteg medit\u00e1ci\u00f3val.<br \/>A test felk\u00e9sz\u00edt\u00e9se mindenf\u00e9le fizikai er\u0151pr\u00f3b\u00e1kra.<\/p><\/div>\n\t\t\t\t<\/div>\n\t\t\t\t<\/div>\n\t\t\t\t\t\t<\/div>\n\t\t\t<\/div>\n\t\t<\/div>\n\t\t\t\t<div data-id=\"c6a1498\" class=\"elementor-element elementor-element-c6a1498 elementor-column elementor-col-33 elementor-top-column\" data-element_type=\"column\">\n\t\t\t<div class=\"elementor-column-wrap  elementor-element-populated\">\n\t\t\t\t\t<div class=\"elementor-widget-wrap\">\n\t\t\t\t<div data-id=\"ede0d0a\" class=\"elementor-element elementor-element-ede0d0a elementor-widget elementor-widget-html\" data-element_type=\"html.default\">\n\t\t\t\t<div class=\"elementor-widget-container\">\n\t\t\t\n<a href=\"http:\/\/www.foldkerules.hu\/blog\/\" target=\"_blank\"><img src=\"http:\/\/www.foldkerules.hu\/foldkerules\/gyermekek_tamogatasa_friss_hirek_a_foldkerulesrol.png\" class=\"friss_hirek_blog\" ><\/a>\t\t<\/div>\n\t\t\t\t<\/div>\n\t\t\t\t<div data-id=\"063b6ce\" class=\"elementor-element elementor-element-063b6ce elementor-widget elementor-widget-html\" data-element_type=\"html.default\">\n\t\t\t\t<div class=\"elementor-widget-container\">\n\t\t\t<a href=\"http:\/\/www.foldkerules.hu\/foldkerules_szponzoracio_reklam.html\"><img src=\"http:\/\/www.foldkerules.hu\/foldkerules\/media_szereples_vitorlas_foldkerules_gyermekek_tamogatasa.png\" class=\"megjelent_hirek_akik_hirt_adtak\" ><\/a>\n\t\t<\/div>\n\t\t\t\t<\/div>\n\t\t\t\t\t\t<\/div>\n\t\t\t<\/div>\n\t\t<\/div>\n\t\t\t\t\t\t<\/div>\n\t\t\t<\/div>\n\t\t<\/section>\n\t\t\t\t\t\t<\/div>\n\t\t\t<\/div>\n\t\t<\/div>\n\t\t","protected":false},"excerpt":{"rendered":"<p>&nbsp;Egy ilyen \u00fat, \u00fagy gondolom, hogy komoly felk\u00e9sz\u00fcl\u00e9st ig\u00e9nyel, minden tekintetben: M\u00e9g 2008-ban Voltam Szegeden Egy kedves ismer\u0151s\u00f6mn\u00e9l, aki Pszichol\u00f3gus \u00e9s felk\u00e9sz\u00edtett bizonyos dolgokra, illetve \u00e1tbesz\u00e9lt\u00fcnk sok-sok mindent. Ugyanekkor ugyanitt komoly orvosi tov\u00e1bbk\u00e9pz\u00e9sen vettem r\u00e9szt, ahol megtanulhattam, hogy tudom magam \u00f6sszevarrni, mi tegyek a t\u00f6r\u00e9sekkel, hogy zajlik egy v\u00edzb\u0151l kimentett ember \u00fajra\u00e9leszt\u00e9se \u00e9s m\u00e9g sok [&hellip;]<\/p>\n","protected":false},"author":1,"featured_media":0,"parent":0,"menu_order":0,"comment_status":"closed","ping_status":"closed","template":"","meta":[],"_links":{"self":[{"href":"https:\/\/foldkerules.hu\/wpfold\/wp-json\/wp\/v2\/pages\/10"}],"collection":[{"href":"https:\/\/foldkerules.hu\/wpfold\/wp-json\/wp\/v2\/pages"}],"about":[{"href":"https:\/\/foldkerules.hu\/wpfold\/wp-json\/wp\/v2\/types\/page"}],"author":[{"embeddable":true,"href":"https:\/\/foldkerules.hu\/wpfold\/wp-json\/wp\/v2\/users\/1"}],"replies":[{"embeddable":true,"href":"https:\/\/foldkerules.hu\/wpfold\/wp-json\/wp\/v2\/comments?post=10"}],"version-history":[{"count":112,"href":"https:\/\/foldkerules.hu\/wpfold\/wp-json\/wp\/v2\/pages\/10\/revisions"}],"predecessor-version":[{"id":472,"href":"https:\/\/foldkerules.hu\/wpfold\/wp-json\/wp\/v2\/pages\/10\/revisions\/472"}],"wp:attachment":[{"href":"https:\/\/foldkerules.hu\/wpfold\/wp-json\/wp\/v2\/media?parent=10"}],"curies":[{"name":"wp","href":"https:\/\/api.w.org\/{rel}","templated":true}]}}